 - -36. Suppose 19 + 11 = y*p. What are the prime factors of p?
5
Suppose -2*o + 4*g = -5288, -g - 1647 = -2*o + 3626. List the prime factors of o.
2, 3, 439
Suppose -20 = -5*h + 20. Suppose w = 4*r + h, 4*w - 3*w = 5*r + 8. What are the prime factors of w?
2
Let n be (-120)/(-100)*(-5)/(-3). Suppose -c + 0*u + 3*u = 109, -c - 108 = -n*u. Let q = c - -180. What are the prime factors of q?
2, 37
List the prime factors of (1619/(-6))/(74/(-444)).
1619
Let w = 17 + -9. Suppose -71 = -y + w. List the prime factors of y.
79
Let c(x) = 18*x + 5. Let o(n) = n - 1. Let u(s) = c(s) + 3*o(s). List the prime factors of u(1).
23
Let i(b) = -b**2 + b + 25. Let h be i(0). Let g = h + -25. Suppose g = -2*m - 3*m + 85. What are the prime factors of m?
17
Let w(q) = 5*q**2 - 155*q + 4. What are the prime factors of w(31)?
2
Let b be 8/10 + (-33)/(-15). Suppose -h + 2*h - 1 = 3*r, -b*r - h = -1. Let u(v) = -v**3 - v**2 + v + 27. List the prime factors of u(r).
3
Suppose 5*a = -1361 - 4669. List the prime factors of (a/9)/(-2*1).
67
Suppose 3*t + 2321 = -5*c + 10*c, -4*c + 1862 = -5*t. List the prime factors of c.
463
Suppose r + 1252 = 4*k, 5*r = 3*k + 2*k - 1580. Let z be (-2)/(-13) - (-1824)/k. Let c(j) = j**2 + 6*j + 3. What are the prime factors of c(z)?
3, 5
Suppose 40*i - 3276 = 33*i. List the prime factors of i.
2, 3, 13
Suppose 5*k + 9 = 3*n - n, -4*n = -k - 9. Let y be (-89)/(-7) - (-4)/14. Suppose -n*g + y = 1. What are the prime factors of g?
2, 3
Let t(p) be the second derivative of -p**5/20 - 5*p**4/12 + p**3/3 + p**2/2 - 2*p. Let u be t(-7). Suppose w + 4*w = u. List the prime factors of w.
17
Suppose 2*v - 2*q - 318 = -4*q, 2*q = 4. List the prime factors of v.
157
Let c(f) = 2*f**2 + 2*f + 1. Let x be c(-2). Suppose -x*y = -5*w - 255, -56 = -y - w + 3*w. List the prime factors of y/6*(-2 + 5).
23
Let q = -770 - -2499. What are the prime factors of q?
7, 13, 19
Suppose 17*n - 27*n = -2500. What are the prime factors of n?
2, 5
Let p(x) = -2*x + 7. Let l be p(5). Let z(y) = -3*y**3 - 3*y**2 + 4. What are the prime factors of z(l)?
2, 29
Let i be (-9)/(-3 - (-57)/20). Suppose -5*d = 2*o - i, 5 = -o + 10. Suppose d*y - 6*y = 64. What are the prime factors of y?
2
List the prime factors of (-15)/(-40) + 8037/8.
3, 5, 67
Suppose -94*g = -9*g - 222785. What are the prime factors of g?
2621
Let f = -397 + 887. Let g = 80 - f. List the prime factors of g/(-18) + 6/27.
23
Suppose 2*a - 4*a + 8 = 0. Suppose -a*t - 23 = -3, 2*w - 105 = -t. Suppose 12 - w = -u. What are the prime factors of u?
43
Let v(u) = 220*u**2 - 6*u - 11. What are the prime factors of v(-2)?
881
Suppose 19*g = 23*g - 20. Suppose -3*w + 4*k - 14 = -5*w, 46 = g*w - k. What are the prime factors of w?
3
Suppose -3728 = -2*z - 4*v, -z - 4*v = -2411 + 547. What are the prime factors of z?
2, 233
Let z(f) = f + 7. Let o be z(-3). Suppose 2*b - o = 3*m - 2*m, -3*m = 4*b - 18. Suppose u - 19 = 3*i, -b*u + 55 = -3*i + 4. What are the prime factors of u?
2
List the prime factors of (-1 - -15) + 0/(-1 - -4).
2, 7
What are the prime factors of 8 + 5 + (-1160)/(-4)?
3, 101
Let s(w) = w**3 + 2*w**2 - 9*w - 1. Let y be s(7). Let c = -251 + y. What are the prime factors of c?
2, 3, 7
List the prime factors of (74/2)/(5*1/35).
7, 37
Suppose 0 = 4*l + 3*g - 1957, -g + 251 = 4*l - 1716. Suppose 0 = -5*t - k + 496, t - 2*k - l = -4*t. List the prime factors of t.
3, 11
Suppose 0 = 121*g - 126*g + 285. List the prime factors of g.
3, 19
Let r(k) = -2*k**3 - 2*k**2 + k - 2. Let u be r(-2). Let d = 273 + -121. Suppose -n + 3*l = -38, -u*n + 4*l = 2*l - d. What are the prime factors of n?
2, 19
Suppose -2*n + 1664 = 4*g - 4*n, 3*g + 3*n = 1257. What are the prime factors of g?
3, 139
Suppose -2*w + 77 = 4*r - w, 4*r + 2*w - 78 = 0. Let j be 6/4 + (-3)/(-2). Suppose 3*b - r = -3*d + b, -16 = j*d - 5*b. What are the prime factors of d?
3
Let r(c) be the third derivative of c**6/120 + 3*c**5/20 + c**4/6 + 2*c**3/3 + c**2. Let f be r(-8). Suppose -4*j + 76 = -f. What are the prime factors of j?
2, 7
Let r(g) = g**3 - 6*g**2 + 8*g - 13. Let y be r(5). Suppose -p + 3*t + 95 = 5*t, -y*t + 188 = 2*p. What are the prime factors of p?
3, 31
Let c(g) = -3*g**3 + 13*g**2 - 13*g - 18. Let d(q) = q**3 - q**2 + 1. Let f be (-10)/(-4)*32/20. Let j(y) = f*d(y) + c(y). What are the prime factors of j(-10)?
2
Let x(h) = -h**3 - 10*h**2 + 12*h + 15. Let q be x(-11). Let l(n) = -n**2 + 1. Let y be l(q). Let t = 27 - y. List the prime factors of t.
2, 3, 7
Let q(p) = -p**2 + 9*p - 14. Let j be q(7). Suppose j*n - 110 = -5*n. Suppose n = 4*y - 2*y. List the prime factors of y.
11
Suppose 3*y - 7*y = 0. Let p be (4 - y)/4 + -204. List the prime factors of 2*(p/(-2))/7.
29
Let f = -263 + 554. What are the prime factors of f?
3, 97
Suppose 22 = 5*q + 2. Suppose 0*d = 4*x + 4*d + 36, q*x + 39 = -5*d. List the prime factors of (23 - -1) + x + 9.
3
Suppose 2*m + 5 = -9. Let f = 7 + m. Suppose f = -5*r + 5*q + 115, -3*q = -3*r - r + 87. What are the prime factors of r?
2, 3
What are the prime factors of 9/12 - 1637/(-4)?
2, 5, 41
Let x(h) = 29*h + 3. Let o be x(10). Suppose 37 + o = 5*z. List the prime factors of z.
2, 3, 11
Let x(l) = -l**3 + 17*l**2 + 3*l - 23. Let c be x(17). Let b = 33 - c. What are the prime factors of b?
5
Suppose 0*i - 3*i = -9. Suppose i*j - 2*j - 40 = 0. List the prime factors of j.
2, 5
Let j(l) = l**3 + l**2 - 2*l - 2. Let b be j(0). Let w be 4/12*6 - b. Suppose w*r - 67 = 125. List the prime factors of r.
2, 3
Let h(g) = -3*g - 21. Let q be h(-8). Suppose -t + q*o + 462 = t, -o = -4*t + 924. What are the prime factors of t?
3, 7, 11
Let v(s) = -3*s - 3. Let q be v(5). List the prime factors of (9/q)/(1/(-48)).
2, 3
Suppose -8*v + 3*v = 30. Let j(c) = -c**3 - 6*c**2 - 2*c + 8. Let q be j(v). What are the prime factors of 2 + 12/(-3) + q?
2, 3
Let m = -5 - -89. Let g = 142 - m. List the prime factors of g.
2, 29
Suppose 70 = 2*z - 2*o - 82, -96 = -z + 5*o. What are the prime factors of z?
71
Suppose -5*b + 5 + 23 = v, -v = -2*b + 7. Suppose 2*r + 68 = 2*c, -5*c - 2*r - v*r = -130. What are the prime factors of c?
2, 3, 5
Let s(r) = 11*r**2 + 49*r - 30. What are the prime factors of s(-18)?
2, 3, 13, 17
Let v = -34 - -19. Let g = v + 19. Suppose 5*c + l = 10, -2*c + g*c + 2*l - 4 = 0. What are the prime factors of c?
2
Suppose -2*m + w - 16 = 1, 4*m - 4*w = -28. Let p be (72/(-30))/(4/m). Suppose p*v = 3 + 45. List the prime factors of v.
2
Suppose -6*h + 21 = -423. Suppose 2*x = -4*n + 5*x + h, -3*n = 3*x - 45. List the prime factors of n.
17
Let y(l) = 52*l - 117. List the prime factors of y(20).
13, 71
Suppose 21*t - 13860 = t. Let q = 979 - t. What are the prime factors of q?
2, 11, 13
Let v(d) = -d**3 + 4*d**2 + 3*d - 3. Let w be v(2). Let r = -41 + w. What are the prime factors of r/(-4) - 1/2?
7
Let f(l) = 3*l**2. Let q be f(2). Let g(o) = -o**3 + 12*o**2 - 3*o + 1. Let a be g(q). List the prime factors of (-2)/(-5) + (-266)/a.
2
Let g(a) = 2*a**2 - 6*a - 2. Let y be g(5). Suppose -y*v = -14*v - 284. What are the prime factors of v?
71
Let x(u) = 6*u**2 + 12*u. What are the prime factors of x(-9)?
2, 3, 7
Suppose -4*w - 5*q = -1488, 2*w - 3*q - 1089 = -w. What are the prime factors of w?
367
What are the prime factors of (1082/5)/((-14)/(-70))?
2, 541
Let z(w) = 188*w + 32. What are the prime factors of z(4)?
2, 7
Let i(n) = 5*n + 3*n - n**2 - 6 - 6*n + 6*n**2. List the prime factors of i(3).
3, 5
Let b = 1097 + -1536. Let p = 626 + b. Suppose 0 = x - 6*x - 5*w + 205, w = 5*x - p. What are the prime factors of x?
2, 19
Let h(t) = 4*t**3 - t**2 - t - 2. Let k be h(-1). Let w(a) = -a**3 + 4*a**2 - 3*a + 3. Let s be w(3). Let l = s - k. List the prime factors of l.
3
Let f(j) = 211*j**2 - j - j + 3 + 2*j - 5*j. What are the prime factors of f(1)?
11, 19
Let c(o) = 3*o**2 - 4*o - 4. Let f be c(-4). Suppose 0*p + f = p. Suppose 0 = 2*a + 2*a - p. What are the prime factors of a?
3, 5
Let o(k) = 2*k - 6. Let w be o(4). Suppose t = w*t. Let v = 4 + t. What are the prime factors of v?
2
Let i(n) = -4*n - 4. Let s be i(-4). Suppose -v - s + 2 = -4*r, 5*r = -4*v + 23. Suppose r*o + 0*o - 48 = 0. List the prime factors of o.
2
Let r(g) = 49*g**2 - 7*g - 147. What are the prime factors of r(-7)?
7, 47
Let d be 3/